be the third derivative of 0*u + 0 + 0*u**3 + 4*u**w - 1/24*u**4. What is f(-1)?
1
Let x(p) = -4*p**2 + 0*p**2 - 2*p**2 + p**3 + 6*p + 1. Let n be (-22)/(-4) + (-2)/4. What is x(n)?
6
Let l(k) = -2*k**2 - 8*k + 10. Let u(q) = q**2 + 4*q - 5. Let i(w) = -3*l(w) - 7*u(w). Let b = 10 + -16. Calculate i(b).
-7
Let u(f) = 5*f - f**3 + 2*f**3 + 5 - 6*f**3 + 4*f**2 + 4*f**3. Let a(h) = h**3 + 10*h**2 - 2*h - 15. Let i be a(-10). Give u(i).
5
Let z be (-6)/(-2)*(-2)/(-2). Let u(a) = 2*a - 2. Let o(f) = -f + 1. Let t(r) = -5*o(r) - 2*u(r). Determine t(z).
2
Let h = -8 + -10. Let t be 8/6*h/12. Let x(s) = -2*s**3 - s**2 + 2*s + 1. Calculate x(t).
9
Let i(j) = 3 - 4*j**2 - j**2 - 3*j - 4. Calculate i(-2).
-15
Let y(t) = -6*t**3 + t**2. Let u(z) = -23*z**3 + 5*z**2. Let w(g) = -2*u(g) + 9*y(g). Let j(a) = a**2 + 5*a - 1. Let o be j(-5). Give w(o).
7
Let c(t) be the second derivative of 1/6*t**3 + 0 + 2*t + 0*t**2. Let y(p) = 3*p - 10. Let s be y(4). Calculate c(s).
2
Let k(a) = -4*a**3 - 4*a + 1. Let v(g) = g**3 + g**2 + 1. Let h(y) = -k(y) - 2*v(y). Calculate h(2).
13
Let h(d) be the third derivative of -d**6/120 + 7*d**5/60 - d**4/3 + d**3/3 + 5*d**2. What is h(6)?
-10
Let u(p) = -7*p**3 - 12*p - 7. Let k(d) = 6*d**3 + d**2 + 11*d + 6. Let z(t) = 6*k(t) + 5*u(t). What is z(-5)?
-4
Let y = -5 - -1. Let g(w) = -w**2 - 6*w - 5. What is g(y)?
3
Let a = -6 - -5. Let f be (-6)/2 + (1 - a). Let x(u) = 9*u**2 - 2*u - 1. Determine x(f).
10
Suppose -8 = -4*x, 5*x + 2 = -5*d + 12. Let i(n) be the second derivative of 1/12*n**4 - n + 0 + d*n**3 - 2*n**2. What is i(0)?
-4
Let h(x) be the first derivative of x**5/12 + x**3/6 + x**2/2 - 3. Let b(z) be the second derivative of h(z). Calculate b(1).
6
Let n(g) = -2*g**3 + g**2 + 2*g + 1. Let v be n(-1). Let o(x) = -3*x + 2 + 4*x**2 - 1 - x - 3*x**v. Calculate o(4).
1
Suppose 0*m = -3*m, 5*m = -4*a + 16. Let y = 5 - a. Let i(o) = -o**3 - y + 5*o - 3*o + 0*o**3. Give i(1).
0
Let b(d) = d**3 + 16. Let m be b(0). Let r = m + -23. Let o = r + 11. Let u(z) = -z**3 + 3*z**2 + 5*z - 5. What is u(o)?
-1
Let s(p) = 4*p + 15. Let d(l) = 3*l + 14. Let y(x) = 7*d(x) - 6*s(x). Calculate y(6).
-10
Let i(b) = b + 1. Let w(v) = 2*v - 6. Let t be w(6). Determine i(t).
7
Let f(l) = -2*l - 1 + 1. Let j(o) = -o - 8. Let x be j(-9). Calculate f(x).
-2
Let y(g) = -g - 4. Let f = 3 + 3. Give y(f).
-10
Let d(v) = 1 - 3*v**3 - 7*v + 10*v**2 - 2*v**3 + 1. Let r(u) = -6*u**3 + 11*u**2 - 8*u + 3. Let c(a) = -7*d(a) + 6*r(a). Determine c(-3).
-8
Let m(g) be the second derivative of 1/6*g**3 + g**2 + 2*g - 1/4*g**4 + 0. Suppose -4*r + 3*j - 6 = -r, 4*r - 16 = -2*j. What is m(r)?
-8
Suppose 4*i + 0*i = z - 8, -4*z = -3*i - 6. Suppose z = r - g, -r - 3*r - 15 = -g. Let s = r + 5. Let f(n) = n**2 + n + 5. Determine f(s).
5
Suppose 40 = -7*t + 2*t - h, 3*t + h + 24 = 0. Let m(a) = -a**3 - 7*a**2 + 9*a - 7. Give m(t).
-15
Let z be (-4)/(1 + 0 + -3). Let g be z/5*(-3 + -2). Let r(p) = -p**2 + 5 + 3*p + 1 - 3. What is r(g)?
-7
Let j be -3 + (10 - 4) + -2. Let x(a) = -5*a**3 + a. Give x(j).
-4
Suppose 0 = -2*h + s, 2*s = 5*h + 1 - 3. Let m(w) = 3*w - 2. Calculate m(h).
4
Let z(o) = o**2 + o - 4. Let v(w) = -2*w**2 - 2*w + 9. Let l(f) = 4*v(f) + 9*z(f). Determine l(-2).
2
Let o(f) = f**2 - 12*f + 39. Let x be o(6). Let b(t) = t**3 - 3*t**2 - 3*t + 4. Calculate b(x).
-5
Let j(x) = -x**2 + 9*x + 1. Let i be j(9). Let r(h) = h**2. Let t(p) = 6*p**2 - 5*p - 1. Let m(z) = i*t(z) - 5*r(z). Calculate m(5).
-1
Let p(j) = j**2 - 6*j - 2. Let n be p(6). Let i(k) = -k**3 - k**2. Give i(n).
4
Let j = -16 - -26. Let q(a) = -a**2 + 10*a + 6. Determine q(j).
6
Suppose -19 = -5*z + 4*w, 24 = 3*z + 3*w - 9. Let o(q) = -2*q - z*q**2 - 1 - q**2 + 0*q. Determine o(-1).
-7
Suppose 8*t - 3*t = 0. Let a = t + 3. Let y(d) = d**2 - 3*d - 2. Calculate y(a).
-2
Suppose 2*k - 8*k = 24. Let y(g) = g**2 + 3*g - 5. Determine y(k).
-1
Let z(h) = 7*h + 2*h**2 - 3*h**2 - h + 7. Determine z(6).
7
Let p = 39 + -39. Let v(b) be the second derivative of -b**3/6 - 5*b**2/2 - b. Determine v(p).
-5
Let a(b) = 3*b - 6. Let g(c) = c - 2. Let v(y) = 2*a(y) - 7*g(y). Let l(x) = -x**2 + 3*x + 4. Let r be l(-3). Let d be (-4)/14 - 4/r. Calculate v(d).
2
Suppose 3*c - 3 = 4*q - 11, 0 = -c + 4*q - 8. Let p = c - 2. Let f be (1 + -1 - -1)*p. Let v(s) = s**2. What is v(f)?
4
Let u(b) = 6*b**2 - 6*b + 6. Let y(t) = -7*t**2 + 5*t - 5. Let a(z) = 4*u(z) + 5*y(z). Determine a(1).
-11
Suppose -133 = 3*g - 142. Let h(s) = s**2 - 4*s. Give h(g).
-3
Let m(z) be the third derivative of z**5/60 - z**4/24 - z**3/3 - 13*z**2. Give m(3).
4
Let g = -2 - -7. Let b(m) be the second derivative of m**4/12 - 5*m**3/6 - 5*m**2/2 - m. Give b(g).
-5
Let l be (-1 - -2) + 1 + 1. Let j be 5/(-3) - 1/l. Let g(m) = -13*m + 19*m - 5*m + 1. Give g(j).
-1
Let r(c) = -80*c. Let k(u) = 56*u**3 - 2*u**2 + 2*u - 1. Let z be k(1). Let b(t) = -5 + 5 - 3*t. Let j(m) = z*b(m) - 2*r(m). Determine j(1).
-5
Suppose q = 3*d - 2, q = -0*q + d. Let z(y) = -y**2. Let s(b) = 13*b**2 - 2*b - 1. Let h(w) = q*s(w) + 3*z(w). Calculate h(-1).
11
Let r(j) = -j**2 + j + 5. Let a be 6 + 0 + (-8)/4. Give r(a).
-7
Let o(c) = c**2 - 4*c + 5. Suppose -d + 0*u - 3*u + 2 = 0, 32 = -5*d - u. Let m = 11 + d. Give o(m).
5
Let p(b) = b. Let o be p(2). Let v(q) = -3*q - 2*q**2 - 4*q**o + 5*q**2 + 5 - q. Calculate v(-4).
5
Let p(x) = 2*x**3 - x**2 - x + 8. Let n(i) = i**3 - i**2 - i + 4. Let w(u) = -5*n(u) + 2*p(u). What is w(4)?
-8
Let g(p) = 3*p**2 + p**2 - 3*p - 4 + p**3 + 6*p. Let y(b) = -b. Let j be y(3). Determine g(j).
-4
Let r(l) = -7*l + 1. Suppose 0*f = 5*f + 5. What is r(f)?
8
Let q(p) = 3*p + 1. Suppose -2 = 3*b + 1. Calculate q(b).
-2
Let y be (-11)/4 + 3/(-12). Let i(l) = l**2 - 2*l. What is i(y)?
15
Suppose x + 2*i = 0, -x + i = x - 5. Let h(f) = -4*f**3 + 2*f**x + 0*f**2 - 4*f**3 - f**2. Suppose -m - 1 = -2. Determine h(m).
-7
Let n(t) = -t**3 - 3*t**2 + 5*t + 1. Let o = -18 - -5. Let b(q) = -q**3 - 13*q**2 - q - 17. Let f be b(o). Determine n(f).
-3
Let x(d) = -d**3 - 5*d**2 + 5*d - 5. Let f be x(-6). Let t(m) = 7*m**2 + 1. Determine t(f).
8
Let f be (-10)/(-35) - 5/(-7). Let g be (4/(-3) - -2)*3. Let p(q) = g*q + 0*q - 3*q. What is p(f)?
-1
Let g be (1 - (-1)/(-2))*0. Suppose 5*o + 20 = -g*o. Let l(c) = 0*c**3 + 4 - c - 5*c**2 + 0*c - c**3. Calculate l(o).
-8
Suppose -2*r = 2*o - 3*o - 10, -4*r = 4*o + 4. Suppose -9 + r = -3*j. Suppose -3*l - 1 = -j*l. Let f(p) = 5*p + 1. Give f(l).
-4
Let n(o) be the first derivative of 3/2*o**2 + 2/3*o**3 + 4*o - 7. Determine n(-3).
13
Let q(m) = -2*m - 4. Let f(s) = 4*s + 5. Let z(c) = -c - 1. Let b(k) = -f(k) - 2*z(k). Let x(g) = 5*b(g) - 4*q(g). Calculate x(3).
-5
Suppose -5*t - 2 = 2*k - t, 2*k + 1 = -3*t. Let x(b) = -4*b**2 + 2*b. Let r(c) = -16*c**2 + 9*c. Let u(a) = 4*r(a) - 18*x(a). Determine u(k).
8
Let w(l) = -6 + 1 - 4*l + 5*l. Suppose -3*a - 20 = 5*m - 50, 17 = a + 4*m. Calculate w(a).
0
Let o be (5/9)/(4/36). Let t(l) = l**2 - 4*l - 3. Determine t(o).
2
Let a be 6/33 - 62/(-22). Let d(i) be the second derivative of i**4/12 - 2*i**3/3 + i**2/2 + 4*i. Give d(a).
-2
Let l = 0 - -1. Let u be 4/(-22) + (-2)/(-11). Let x(w) = -1 + u + 0 + 2*w. What is x(l)?
1
Suppose -c = -2*c + b - 1, 3*b = -2*c - 7. Let y(f) = -4*f - 3. Let z be y(c). Let i(h) = 47 + 2*h - 4*h + 5*h**2 - h**3 - 42. What is i(z)?
-5
Let u(y) = -2*y**2 - 4*y + 1. Let t = -4 + 1. Let b be u(t). Let p(k) be the third derivative of k**6/120 + k**5/12 + k**4/24 + k**3/3 - k**2. Determine p(b).
-3
Let o(m) = m**2 + 2*m - 52. Let y be o(6). Let p(s) = 2 + 3*s + 4*s**2 - 2*s**2 - s**2. Give p(y).
6
Let n be (-1 - -2) + 1 + 0. Let m(r) = 4*r**2 + n*r + 3*r - 4*r. Let p be m(-1). Let a(f) = -3*f + 3. Determine a(p).
-6
Let y be -6*(14/(-4))/(-7). Let r(u) = 3*u**2 + 5*u + 2. Calculate r(y).
14
Let z(h) be the first derivative of 7/6*h**3 + 1 - h**2 - 1/6*h**4 + 0*h - 1/60*h**5. Let f(j) be the second derivative of z(j). Give f(-5).
2
Let s(w) = 3*w - 7. Let u(l) = 2*l - 3. Suppose 8 + 4 = 4*o. Suppose -4*c = -8, -2*t + 3*t + 4 = o*c. Let j(z) = t*s(z) - 5*u(z). Determine j(1).
-3
Let g(y) = y**3 - 4*y**2 + 2*y. Let s = 13 - 11. Let t be g(s). Let c(m) = -2*m - 3. Determine c(t).
5
Suppose 3*f + 2*f - 15 = 0. Let l(s) = -s**f + 2*s**2 - s - 2*s**2 + 4*